{"id":21,"date":"2022-01-27T15:17:51","date_gmt":"2022-01-27T18:17:51","guid":{"rendered":"https:\/\/wp.atelieodontologia.com.br\/?page_id=21"},"modified":"2024-10-16T07:20:35","modified_gmt":"2024-10-16T11:20:35","slug":"produtos","status":"publish","type":"page","link":"https:\/\/atelieodontologia.com.br\/?page_id=21","title":{"rendered":"Produtos"},"content":{"rendered":"<p>\n\n\n<ul class=\"wp-block-list\">\n<li>Avalia\u00e7\u00e3o e Tratamento Odontol\u00f3gico Geral<\/li>\n\n\n\n<li>Bruxismo\n<ul class=\"wp-block-list\">\n<li><a href=\"https:\/\/atelieodontologia.com.br\/?p=211\" data-type=\"post\" data-id=\"211\">Bruxismo: Como parar de ranger seus dentes e proteger seu sorriso.<\/a><\/li>\n<\/ul>\n<\/li>\n\n\n\n<li>Cirurgia\n<ul class=\"wp-block-list\">\n<li><a href=\"https:\/\/atelieodontologia.com.br\/?p=220\" data-type=\"post\" data-id=\"220\">Devo Extrair o Siso ?<\/a><\/li>\n<\/ul>\n<\/li>\n\n\n\n<li>Clareamento\n<ul class=\"wp-block-list\">\n<li><a href=\"https:\/\/atelieodontologia.com.br\/?p=239\" data-type=\"post\" data-id=\"239\">Clareamento Dental: Tudo o Que Voc\u00ea Precisa Saber Para Ter Um Sorriso Brilhante.<\/a><\/li>\n\n\n\n<li><a href=\"https:\/\/atelieodontologia.com.br\/?p=242\" data-type=\"post\" data-id=\"242\">Dentes Sens\u00edveis? Descubra Como Aliviar a Dor e Proteger Seu Sorriso.<\/a><\/li>\n<\/ul>\n<\/li>\n\n\n\n<li>Restaura\u00e7\u00f5es\n<ul class=\"wp-block-list\">\n<li><a href=\"https:\/\/atelieodontologia.com.br\/?p=200\" data-type=\"post\" data-id=\"200\">Quebrei o meu dente, e agora ?<\/a><\/li>\n\n\n\n<li><a href=\"https:\/\/atelieodontologia.com.br\/?p=310\" data-type=\"post\" data-id=\"310\">Tratamentos para a c\u00e1rie: tudo o que voc\u00ea precisa saber<\/a><\/li>\n<\/ul>\n<\/li>\n\n\n\n<li>Est\u00e9tica dental\n<ul class=\"wp-block-list\">\n<li><a href=\"https:\/\/atelieodontologia.com.br\/?page_id=192\" data-type=\"page\" data-id=\"192\">Lentes de Contato Dental<\/a><\/li>\n\n\n\n<li><a href=\"https:\/\/atelieodontologia.com.br\/?p=245\" data-type=\"post\" data-id=\"245\">Odontologia Est\u00e9tica: Sorriso Perfeito ao Seu Alcance<\/a><\/li>\n<\/ul>\n<\/li>\n\n\n\n<li>Endodontia &#8211; Tratamento de Canal<\/li>\n\n\n\n<li>Ortodontia<\/li>\n\n\n\n<li>Implantes<\/li>\n\n\n\n<li>Periodontia \n<ul class=\"wp-block-list\">\n<li><a href=\"https:\/\/atelieodontologia.com.br\/?p=226\" data-type=\"post\" data-id=\"226\">Gengivoplastia: Remodelando o Sorriso e Aumentando a Confian\u00e7a<\/a><\/li>\n<\/ul>\n<\/li>\n\n\n\n<li>Pr\u00f3teses Parciais<\/li>\n\n\n\n<li>Pr\u00f3teses Totais\n<ul class=\"wp-block-list\">\n<li><a href=\"https:\/\/atelieodontologia.com.br\/?page_id=146\" data-type=\"page\" data-id=\"146\">Pr\u00f3tese Protocolo<\/a><\/li>\n<\/ul>\n<\/li>\n<\/ul>\n\n\n<\/p>","protected":false},"excerpt":{"rendered":"","protected":false},"author":1,"featured_media":0,"parent":0,"menu_order":0,"comment_status":"closed","ping_status":"closed","template":"","meta":{"footnotes":""},"class_list":["post-21","page","type-page","status-publish","hentry"],"_links":{"self":[{"href":"https:\/\/atelieodontologia.com.br\/index.php?rest_route=\/wp\/v2\/pages\/21","targetHints":{"allow":["GET"]}}],"collection":[{"href":"https:\/\/atelieodontologia.com.br\/index.php?rest_route=\/wp\/v2\/pages"}],"about":[{"href":"https:\/\/atelieodontologia.com.br\/index.php?rest_route=\/wp\/v2\/types\/page"}],"author":[{"embeddable":true,"href":"https:\/\/atelieodontologia.com.br\/index.php?rest_route=\/wp\/v2\/users\/1"}],"replies":[{"embeddable":true,"href":"https:\/\/atelieodontologia.com.br\/index.php?rest_route=%2Fwp%2Fv2%2Fcomments&post=21"}],"version-history":[{"count":22,"href":"https:\/\/atelieodontologia.com.br\/index.php?rest_route=\/wp\/v2\/pages\/21\/revisions"}],"predecessor-version":[{"id":329,"href":"https:\/\/atelieodontologia.com.br\/index.php?rest_route=\/wp\/v2\/pages\/21\/revisions\/329"}],"wp:attachment":[{"href":"https:\/\/atelieodontologia.com.br\/index.php?rest_route=%2Fwp%2Fv2%2Fmedia&parent=21"}],"curies":[{"name":"wp","href":"https:\/\/api.w.org\/{rel}","templated":true}]}}