{"id":192,"date":"2024-08-26T15:09:23","date_gmt":"2024-08-26T19:09:23","guid":{"rendered":"https:\/\/atelieodontologia.com.br\/?page_id=192"},"modified":"2024-08-26T15:13:11","modified_gmt":"2024-08-26T19:13:11","slug":"lentes-de-contato-dental","status":"publish","type":"page","link":"https:\/\/atelieodontologia.com.br\/?page_id=192","title":{"rendered":"Lentes de Contato Dental"},"content":{"rendered":"<div class=\"wp-block-image\">\n<figure class=\"aligncenter size-large\"><img decoding=\"async\" src=\"https:\/\/cdn.prod.website-files.com\/645da650ed7bc34887c44634\/650e011f418b822d25bc8646_WhatsApp-Image-2023-04-14-at-07.15.03.webp\" alt=\"\"\/><\/figure>\n<\/div>\n\n\n<p>Tratam-se de l\u00e2minas de porcelana extremamente finas que s\u00e3o habilmente cimentadas sobre a superf\u00edcie externa dos dentes. Essa t\u00e9cnica, conhecida como lentes de contato dental, \u00e9 altamente procurada por pacientes que desejam aprimorar a est\u00e9tica de seu sorriso.<\/p>\n","protected":false},"excerpt":{"rendered":"<p>Tratam-se de l\u00e2minas de porcelana extremamente finas que s\u00e3o habilmente cimentadas sobre a superf\u00edcie externa dos dentes. Essa t\u00e9cnica, conhecida como lentes de contato dental, [&hellip;]<\/p>\n","protected":false},"author":2,"featured_media":0,"parent":0,"menu_order":0,"comment_status":"closed","ping_status":"closed","template":"","meta":{"footnotes":""},"class_list":["post-192","page","type-page","status-publish","hentry"],"_links":{"self":[{"href":"https:\/\/atelieodontologia.com.br\/index.php?rest_route=\/wp\/v2\/pages\/192","targetHints":{"allow":["GET"]}}],"collection":[{"href":"https:\/\/atelieodontologia.com.br\/index.php?rest_route=\/wp\/v2\/pages"}],"about":[{"href":"https:\/\/atelieodontologia.com.br\/index.php?rest_route=\/wp\/v2\/types\/page"}],"author":[{"embeddable":true,"href":"https:\/\/atelieodontologia.com.br\/index.php?rest_route=\/wp\/v2\/users\/2"}],"replies":[{"embeddable":true,"href":"https:\/\/atelieodontologia.com.br\/index.php?rest_route=%2Fwp%2Fv2%2Fcomments&post=192"}],"version-history":[{"count":3,"href":"https:\/\/atelieodontologia.com.br\/index.php?rest_route=\/wp\/v2\/pages\/192\/revisions"}],"predecessor-version":[{"id":198,"href":"https:\/\/atelieodontologia.com.br\/index.php?rest_route=\/wp\/v2\/pages\/192\/revisions\/198"}],"wp:attachment":[{"href":"https:\/\/atelieodontologia.com.br\/index.php?rest_route=%2Fwp%2Fv2%2Fmedia&parent=192"}],"curies":[{"name":"wp","href":"https:\/\/api.w.org\/{rel}","templated":true}]}}